4*m - 5*b, 2*m + b - 2*b = 22. Let y = m - r. What is the remainder when 33 is divided by y?
5
Suppose 2*s + 3*s = -220. Let w = -14 - s. Let z = -14 + w. What is the remainder when z is divided by 6?
4
Suppose -w = -37 + 30. Suppose 4*r - 60 = -2*h + w*r, 3*h - 90 = -3*r. Calculate the remainder when h is divided by 17.
13
Suppose w = 3*w. Suppose -3*t + 8*t - 25 = w. Suppose -5*v = -t, i - 94 = 2*v - 31. Calculate the remainder when i is divided by 34.
31
Suppose 3*m - 292 = -1. Let l(h) = 7*h + 5. What is the remainder when m is divided by l(4)?
31
Suppose -33*n + 1028 = 170. Suppose -42 = 4*w - 7*w. Calculate the remainder when n is divided by w.
12
Let d = -216 - -273. What is the remainder when d is divided by 15?
12
Let k(i) = i**2 - 5*i + 4. Let h be k(3). Let v(w) = 31*w + 4*w**2 - 54*w - 2 + 25*w + 2*w**2. Calculate the remainder when 71 is divided by v(h).
17
Suppose 0 = x - 3*o + 33, -3*o - 39 = x - 0*x. What is the remainder when -1 + 0 + 2 - (33 + x) is divided by 0/(-2 + 1) - -1?
0
Let b = 57 + 14. Calculate the remainder when 0 + -2 + b/1 is divided by 18.
15
Suppose 5*t - 3*q = 192, 4*t - 32*q + 37*q - 124 = 0. Calculate the remainder when 1439 is divided by t.
35
Let p = -36 - -38. Suppose p*k - 4 = 10. Calculate the remainder when k is divided by 2.
1
Let u(w) = w**2 + 2*w - 4. Let k be u(-3). Suppose 0 = -2*l - 0 - 6, -4*l - 27 = -3*z. Calculate the remainder when z is divided by k/((-2)/(-4)*-1).
1
Let a(f) = 70*f**2 + 8*f + 5. Calculate the remainder when 137 is divided by a(-1).
3
Let d = -45 + 75. Suppose 2*x + x - 3*a - d = 0, 5*x + a = 20. Suppose 81 = x*t - 79. What is the remainder when t is divided by 10?
2
Let u(y) = -y**3 - 5*y**2 + 4. Let o be u(-5). Suppose o*n + 1 = 17. Let d(f) = f**2 - 3*f - 1. What is the remainder when n is divided by d(4)?
1
Suppose d + 16 = 5*f - 8, 3*f + 3*d = 0. Calculate the remainder when 66/77*(3 - 25/(-15)) is divided by f.
0
Let s = -1705 - -1734. What is the remainder when 39 is divided by s?
10
Calculate the remainder when 285 is divided by -1 + -2 - (13 - 64).
45
Calculate the remainder when (157852/228)/((-1)/(-3)) is divided by 77.
75
Let y(o) = -2*o**3 - 6*o**2 + 5*o + 3. Let c be y(-5). Suppose t = -5*t + c. What is the remainder when t is divided by (-2 + 4)*14/4?
6
Suppose 0 = 18*h - 19*h + 108. Suppose 11*m - 6*m + s = h, -75 = -3*m - 4*s. Calculate the remainder when m is divided by 11.
10
Suppose -3*m = c - 75, 2*m - 255 = -4*c - m. Let i = c + -53. What is the remainder when 24 is divided by i?
3
Calculate the remainder when 84 is divided by (41 + -26)*(3 + -1).
24
Suppose -8*p + 6*p = -4*m + 934, -m + 236 = -p. What is the remainder when m is divided by 58?
57
What is the remainder when 131 is divided by 24 - (-7 + (4 - 0) - -4)?
16
Suppose -4*i + 7*i = 12. Suppose -6 = -4*r + 2, 3*k + i*r = 62. What is the remainder when 105 is divided by k?
15
Let k = -278 + 389. Let f = 210 - k. What is the remainder when f is divided by 10?
9
Let u = -478 + 328. Calculate the remainder when (4 - 56/12)/(4/u) is divided by 11.
3
Let y be 14/21 + (-40)/(-12). Let k = -1 - -4. Suppose -35 = -k*o - y*n, -4*n - 3 = -11. Calculate the remainder when 24 is divided by o.
6
Let q(p) = -4*p**2 - 11*p - 11. Let g(l) = l**2 - 1. Let f(c) = 3*g(c) + q(c). What is the remainder when 26 is divided by f(-7)?
12
Suppose 13040 + 44092 = 69*c. Calculate the remainder when c is divided by 52.
48
Let o = 92 - 78. What is the remainder when 34 is divided by o?
6
Let j = -52 - -59. Let k(a) = -a**3 + 7*a**2 + 3*a + 9. Calculate the remainder when 87 is divided by k(j).
27
Suppose 2*m = -4, 0*p - p - m + 2 = 0. Suppose 0*q + p*q - 8 = 0. What is the remainder when 11 is divided by q?
1
Suppose h = 5*g - 62, -2*h - 4*g = 2*h + 200. Calculate the remainder when 32 is divided by (-238)/(-26) - (-8)/h.
5
Suppose 26 = -9*h + 8. Let d(k) = 2*k**2 + k. Let a(m) = m**3 - m**2 + 4. What is the remainder when d(h) is divided by a(0)?
2
Suppose 235 = 13*z - 324. Calculate the remainder when z is divided by 11.
10
Let b = -17 - -30. Let t = -45 + 47. Suppose t*u + 1 = b. What is the remainder when 10 is divided by u?
4
Let m = -28 + 87. What is the remainder when m is divided by 6?
5
Let p(b) = b**2 - 25*b + 26. What is the remainder when 55 is divided by p(25)?
3
Let o = 50 + -37. Suppose 3*w + 51 = 3*j, -5*j - 22 - 1 = w. Let c = -10 - w. What is the remainder when o is divided by c?
5
Let o(f) = -4*f + 1. Let t(p) = 4*p - 1. Let r(q) = -6*o(q) - 5*t(q). What is the remainder when (0 + -41)*(2 - (-12)/44*-11) is divided by r(4)?
11
Suppose 305 = -6*j + 599. What is the remainder when j is divided by 25?
24
Let z(u) = -u**3 + 8*u**2 - 8*u + 9. Let b be z(7). Suppose 21 = 5*n + b*n. What is the remainder when 9 is divided by n?
0
Let u(p) = p**3 + 9*p**2 + 12*p - 8. Let y be 1*2*(-9)/3. What is the remainder when 110 is divided by u(y)?
26
Suppose -2*h - 3*t + 6 + 25 = 0, 0 = -2*h + 2*t + 56. Let p be (62/4)/(9/414). Calculate the remainder when h is divided by p/115 + (-1)/5.
5
Let b(q) = -118*q - 80. What is the remainder when b(-3) is divided by 48?
34
Suppose 0*p - p + j + 22 = 0, 2*j = 4*p - 80. Suppose -c - 18*o = -12*o - 40, 5 = c - o. Calculate the remainder when p is divided by c.
8
Suppose -4*n - 5*x - 1 = -2, 2*n + 3*x + 1 = 0. Suppose -15 - 1 = -n*f. What is the remainder when 35 is divided by 8 + f/(0 - -4)?
8
Let o(q) be the third derivative of 1/6*q**3 + 0*q**4 + 1/60*q**5 + 2*q**2 + 0 + 0*q. What is the remainder when o(4) is divided by 4?
1
Let t = -86 + 175. Calculate the remainder when 353 is divided by t.
86
Let m(f) = 157*f + 54. Calculate the remainder when m(3) is divided by 23.
19
Suppose 2*k = 5*j + 5*k - 50, 2*j + k = 20. Suppose 2*x + 0 = r + 23, -4*x + 3*r = -41. Calculate the remainder when x is divided by j.
4
Let s = 29 + -26. Let j be ((-30)/(-40))/((-2)/(-32)). Let v = 19 - j. Calculate the remainder when v is divided by s.
1
Calculate the remainder when 4/(-5) + (-7032)/(-40) is divided by 44.
43
What is the remainder when 87 is divided by (56 - 3) + 6/(-6)?
35
Suppose 3*u = 15, -7*u + 5 = -5*c - 3*u. Suppose -k = 3*a, 5*k - 60 = -0*k - c*a. What is the remainder when 72 is divided by k?
12
Suppose 91 = -6*a + 373. What is the remainder when 139 is divided by a?
45
Suppose -128*n + 134*n = 4392. Calculate the remainder when n is divided by 46.
42
Suppose 0*w + 15 = 3*w. Suppose 2*c - 5*c - 2*y = -77, 4*c - 3*y - 80 = 0. Calculate the remainder when c is divided by w.
3
Suppose 2*r + 3*r = h + 4052, r + 3*h - 804 = 0. Suppose -6*j + j + r = 0. What is the remainder when j/4 - 2/(-4) is divided by 14?
13
Suppose -64*q + 65*q = -4*g + 1359, -1357 = -q - 2*g. What is the remainder when q is divided by 113?
112
Let g be (-26)/39 + 86/(-6). What is the remainder when 53 is divided by 5/g - (-85)/3?
25
Let m(a) = -a**3 - 5*a**2 - 3*a + 4. Let d be m(-4). Suppose d = -3*w - g + 95, -4*w + 2*g = g - 122. Calculate the remainder when w is divided by 7.
3
Calculate the remainder when (2 + -1)/(13/936) is divided by -4 + 1 - 0/5 - -28.
22
Let l(a) = -2*a**3 - 68*a**2 - 6*a - 11. What is the remainder when l(-34) is divided by 65?
63
Suppose -a - 2*a = 15. Let o(i) = -6*i + 10. Let t(m) = -5*m + 9. Let d(y) = -4*o(y) + 5*t(y). Calculate the remainder when 19 is divided by d(a).
9
Suppose -6*p - 25 + 37 = 0. Suppose -4*u = r - 22, -25 - 41 = -5*r + p*u. Calculate the remainder when 55 is divided by r.
13
Let b be ((-90)/72)/((-2)/8). Suppose 2*s - 60 - 63 = i, -b*i = 3*s - 204. Calculate the remainder when s is divided by 13.
11
Let d = 1427 + -1352. Calculate the remainder when d is divided by 19.
18
Suppose 8*a + 160 = 928. Calculate the remainder when a is divided by 28.
12
Let c be (3*1)/(-9*(-6)/72). Suppose -4*x = 0, -5*j = -5*x + c - 84. What is the remainder when 94 is divided by j?
14
Let k = 33 + -19. What is the remainder when 203/5 + 21/(-35) is divided by k?
12
Let x(t) = 33*t**2 + 2*t - 1. Let i be x(-4). Calculate the remainder when (-3)/(-1 - (3 - i/132)) is divided by 24.
20
Suppose -61*x - 2584 = -80*x. Calculate the remainder when x is divided by 36.
28
Calculate the remainder when (-3808)/(-48)*(27/6)/3 is divided by 25.
19
Suppose 0 = -5*v + 25, -v + 23 - 3 = 5*n. Suppo